{"id":1420,"date":"2022-07-04T10:58:33","date_gmt":"2022-07-04T10:58:33","guid":{"rendered":"https:\/\/komornik-czluchow.pl\/?page_id=1420"},"modified":"2022-07-04T11:27:34","modified_gmt":"2022-07-04T11:27:34","slug":"wlasciwosc","status":"publish","type":"page","link":"https:\/\/komornik-czluchow.pl\/?page_id=1420","title":{"rendered":"W\u0142a\u015bciwo\u015b\u0107"},"content":{"rendered":"\n<p>Komornik dzia\u0142a na\u00a0obszarze swojego rewiru komorniczego. Rewirem komorniczym jest obszar w\u0142a\u015bciwo\u015bci s\u0105du rejonowego, przy kt\u00f3rym\u00a0dzia\u0142a komornik.<\/p>\n\n\n\n<p><strong>W\u0142a\u015bciwo\u015b\u0107 miejscowa S\u0105du Rejonowego w Cz\u0142uchowie obejmuje nast\u0119puj\u0105ce jednostki podzia\u0142u terytorialnego:<\/strong><\/p>\n\n\n\n<ol><li>Gmina Miejska Cz\u0142uch\u00f3w<\/li><li>Gmina Cz\u0142uch\u00f3w,<\/li><li>Gmina Czarne,<\/li><li>Gmina Debrzno,<\/li><li>Gmina Konarzyny,<\/li><li>Gmina Przechlewo,<\/li><li>Gmina Rzeczenica.<\/li><\/ol>\n\n\n\n<p>Zgodnie z&nbsp;art. 10 ustawy z&nbsp;dnia 22 marca 2018r. o&nbsp;komornikach s\u0105dowych,&nbsp;<strong>wierzyciel ma&nbsp;prawo wyboru komornika na&nbsp;obszarze w\u0142a\u015bciwo\u015bci s\u0105du apelacyjnego, na&nbsp;kt<\/strong><strong>\u00f3rym znajduje si\u0119 siedziba kancelarii komornika w\u0142a\u015bciwego&nbsp;<\/strong>zgodnie z&nbsp;przepisami ustawy z&nbsp;dnia 17 listopada 1964 r. \u2013 Kodeks post\u0119powania cywilnego, z&nbsp;wyj\u0105tkiem spraw:<\/p>\n\n\n\n<ul><li>egzekucj\u0119 z&nbsp;nieruchomo\u015bci;<\/li><li>o&nbsp;wydanie nieruchomo\u015bci;<\/li><li>o&nbsp;wprowadzenie w&nbsp;posiadanie nieruchomo\u015bci;<\/li><li>o&nbsp;opr\u00f3\u017cnienie pomieszcze\u0144, w&nbsp;tym lokali mieszkalnych, z&nbsp;os\u00f3b lub rzeczy;<\/li><li>w&nbsp;kt\u00f3rych&nbsp;przepisy o&nbsp;egzekucji z&nbsp;nieruchomo\u015bci stosuje si\u0119 odpowiednio.<\/li><\/ul>\n\n\n\n<p><strong>Wierzyciel, dokonuj\u0105c wyboru komornika, sk\u0142ada wraz z&nbsp;wnioskiem o&nbsp;wszcz\u0119cie egzekucji o\u015bwiadczenie na&nbsp;pi\u015bmie, \u017ce&nbsp;korzysta z&nbsp;prawa wyboru komornika.<\/strong><\/p>\n\n\n\n<p><strong>Kancelaria ma&nbsp;prawo przyjmowania wniosk\u00f3w z&nbsp;wyboru wierzycieli z&nbsp;obszaru w\u0142a\u015bciwo\u015bci S\u0105du Apelacyjnego w&nbsp;Gda\u0144sku.<\/strong><\/p>\n\n\n<div class=\"wp-block-image\">\n<figure class=\"aligncenter size-large\"><img loading=\"lazy\" width=\"902\" height=\"1024\" src=\"https:\/\/komornik-czluchow.pl\/wp-content\/uploads\/2022\/07\/mapa-komornik-czlochow1200-902x1024.png\" alt=\"\" class=\"wp-image-1423\" srcset=\"https:\/\/komornik-czluchow.pl\/wp-content\/uploads\/2022\/07\/mapa-komornik-czlochow1200-902x1024.png 902w, https:\/\/komornik-czluchow.pl\/wp-content\/uploads\/2022\/07\/mapa-komornik-czlochow1200-264x300.png 264w, https:\/\/komornik-czluchow.pl\/wp-content\/uploads\/2022\/07\/mapa-komornik-czlochow1200-768x872.png 768w, https:\/\/komornik-czluchow.pl\/wp-content\/uploads\/2022\/07\/mapa-komornik-czlochow1200.png 1200w\" sizes=\"(max-width: 902px) 100vw, 902px\" \/><\/figure><\/div>","protected":false},"excerpt":{"rendered":"<p>Komornik dzia\u0142a na\u00a0obszarze swojego rewiru komorniczego. Rewirem komorniczym jest obszar w\u0142a\u015bciwo\u015bci s\u0105du rejonowego, przy kt\u00f3rym\u00a0dzia\u0142a komornik. W\u0142a\u015bciwo\u015b\u0107 miejscowa S\u0105du Rejonowego w Cz\u0142uchowie obejmuje nast\u0119puj\u0105ce jednostki podzia\u0142u terytorialnego: Gmina Miejska Cz\u0142uch\u00f3w Gmina Cz\u0142uch\u00f3w, Gmina Czarne, Gmina Debrzno, Gmina Konarzyny, Gmina Przechlewo, Gmina Rzeczenica. Zgodnie z&nbsp;art. 10 ustawy z&nbsp;dnia 22 marca 2018r. o&nbsp;komornikach s\u0105dowych,&nbsp;wierzyciel ma&nbsp;prawo wyboru komornika&#8230;<\/p>\n","protected":false},"author":1,"featured_media":0,"parent":0,"menu_order":0,"comment_status":"closed","ping_status":"closed","template":"","meta":{"_kad_post_transparent":"","_kad_post_title":"","_kad_post_layout":"","_kad_post_sidebar_id":"","_kad_post_content_style":"","_kad_post_vertical_padding":"","_kad_post_feature":"","_kad_post_feature_position":"","_kad_post_header":false,"_kad_post_footer":false},"_links":{"self":[{"href":"https:\/\/komornik-czluchow.pl\/index.php?rest_route=\/wp\/v2\/pages\/1420"}],"collection":[{"href":"https:\/\/komornik-czluchow.pl\/index.php?rest_route=\/wp\/v2\/pages"}],"about":[{"href":"https:\/\/komornik-czluchow.pl\/index.php?rest_route=\/wp\/v2\/types\/page"}],"author":[{"embeddable":true,"href":"https:\/\/komornik-czluchow.pl\/index.php?rest_route=\/wp\/v2\/users\/1"}],"replies":[{"embeddable":true,"href":"https:\/\/komornik-czluchow.pl\/index.php?rest_route=%2Fwp%2Fv2%2Fcomments&post=1420"}],"version-history":[{"count":3,"href":"https:\/\/komornik-czluchow.pl\/index.php?rest_route=\/wp\/v2\/pages\/1420\/revisions"}],"predecessor-version":[{"id":1425,"href":"https:\/\/komornik-czluchow.pl\/index.php?rest_route=\/wp\/v2\/pages\/1420\/revisions\/1425"}],"wp:attachment":[{"href":"https:\/\/komornik-czluchow.pl\/index.php?rest_route=%2Fwp%2Fv2%2Fmedia&parent=1420"}],"curies":[{"name":"wp","href":"https:\/\/api.w.org\/{rel}","templated":true}]}}